e remainder when 58680 is divided by 402.
390
What is the remainder when 15180 is divided by 542?
4
Calculate the remainder when 7432 is divided by 1849.
36
Calculate the remainder when 244 is divided by 93.
58
What is the remainder when 90579 is divided by 337?
263
What is the remainder when 68349 is divided by 16?
13
What is the remainder when 424372 is divided by 77?
25
Calculate the remainder when 4854 is divided by 83.
40
Calculate the remainder when 9415 is divided by 64.
7
What is the remainder when 22720 is divided by 541?
539
What is the remainder when 1642 is divided by 821?
0
Calculate the remainder when 2505 is divided by 22.
19
Calculate the remainder when 16682 is divided by 83.
82
What is the remainder when 6232 is divided by 1935?
427
What is the remainder when 8176 is divided by 25?
1
Calculate the remainder when 12315 is divided by 4099.
18
Calculate the remainder when 6440 is divided by 1904.
728
What is the remainder when 3236 is divided by 365?
316
Calculate the remainder when 3526 is divided by 1429.
668
What is the remainder when 5395 is divided by 1308?
163
What is the remainder when 3212075 is divided by 16?
11
What is the remainder when 46232 is divided by 15378?
98
Calculate the remainder when 813 is divided by 134.
9
What is the remainder when 22392 is divided by 6759?
2115
Calculate the remainder when 17076 is divided by 4263.
24
What is the remainder when 2076 is divided by 504?
60
What is the remainder when 4862 is divided by 77?
11
Calculate the remainder when 87779 is divided by 14.
13
Calculate the remainder when 19723 is divided by 75.
73
Calculate the remainder when 1143646 is divided by 99.
97
What is the remainder when 625502 is divided by 44?
42
Calculate the remainder when 3901 is divided by 535.
156
Calculate the remainder when 43328 is divided by 126.
110
What is the remainder when 5190 is divided by 57?
3
What is the remainder when 21836 is divided by 30?
26
Calculate the remainder when 113662 is divided by 32.
30
Calculate the remainder when 12386 is divided by 33.
11
Calculate the remainder when 4988 is divided by 310.
28
What is the remainder when 95175 is divided by 31707?
54
What is the remainder when 547361 is divided by 35?
31
What is the remainder when 20762 is divided by 1893?
1832
Calculate the remainder when 3910 is divided by 1302.
4
What is the remainder when 1006 is divided by 434?
138
Calculate the remainder when 20021 is divided by 4998.
29
What is the remainder when 4860 is divided by 4851?
9
What is the remainder when 26337 is divided by 115?
2
Calculate the remainder when 371986 is divided by 92976.
82
Calculate the remainder when 645 is divided by 312.
21
Calculate the remainder when 6835 is divided by 2005.
820
Calculate the remainder when 5186 is divided by 1720.
26
Calculate the remainder when 1559121 is divided by 1449.
1446
Calculate the remainder when 32792 is divided by 100.
92
What is the remainder when 5173 is divided by 1329?
1186
Calculate the remainder when 6821 is divided by 8.
5
What is the remainder when 51895 is divided by 15?
10
Calculate the remainder when 263832 is divided by 2777.
17
What is the remainder when 906 is divided by 65?
61
Calculate the remainder when 35085 is divided by 344.
341
Calculate the remainder when 12361 is divided by 11.
8
What is the remainder when 585 is divided by 505?
80
Calculate the remainder when 9391 is divided by 101.
99
What is the remainder when 4445 is divided by 143?
12
Calculate the remainder when 230723 is divided by 839.
837
Calculate the remainder when 3423884 is divided by 29.
28
What is the remainder when 214566 is divided by 296?
262
What is the remainder when 28085 is divided by 432?
5
What is the remainder when 316637 is divided by 526?
511
Calculate the remainder when 15701 is divided by 2463.
923
What is the remainder when 11935 is divided by 411?
16
What is the remainder when 1573 is divided by 171?
34
What is the remainder when 26250 is divided by 1867?
112
What is the remainder when 7446 is divided by 298?
294
What is the remainder when 8418 is divided by 192?
162
Calculate the remainder when 347757 is divided by 138.
135
What is the remainder when 947669 is divided by 517?
8
What is the remainder when 22219 is divided by 11089?
41
What is the remainder when 34490 is divided by 17243?
4
Calculate the remainder when 1995 is divided by 179.
26
What is the remainder when 358799 is divided by 9?
5
What is the remainder when 98913 is divided by 1087?
1083
Calculate the remainder when 63039 is divided by 64.
63
Calculate the remainder when 206076 is divided by 41.
10
What is the remainder when 226352 is divided by 1006?
2
Calculate the remainder when 1417 is divided by 480.
457
Calculate the remainder when 14938 is divided by 389.
156
What is the remainder when 127654 is divided by 4559?
2
What is the remainder when 30938 is divided by 121?
83
Calculate the remainder when 26004 is divided by 21.
6
What is the remainder when 3943 is divided by 162?
55
Calculate the remainder when 26050 is divided by 18.
4
Calculate the remainder when 401661 is divided by 737.
733
What is the remainder when 12151 is divided by 12080?
71
What is the remainder when 10771 is divided by 1538?
5
Calculate the remainder when 345721 is divided by 201.
1
Calculate the remainder when 32816 is divided by 15.
11
What is the remainder when 17981 is divided by 622?
565
Calculate the remainder when 7521 is divided by 658.
283
What is the remainder when 18782 is divided by 77?
71
Calculate the remainder when 7095 is divided by 55.
0
Calculate the remainder when 987 is divided by 295.
102
Calculate the remainder when 2852 is divided by 593.
480
Calculate the remainder when 183924 is divided by 25.
24
What is the remainder when 13537 is divided by 219?
178
What is the remainder when 299 is divided by 125?
49
Calculate the remainder when 46794 is divided by 11682.
66
Calculate the remainder when 1758 is divided by 866.
26
What is the remainder when 10540 is divided by 445?
305
Calculate the remainder when 32513 is divided by 271.
264
What is the remainder when 113451 is divided by 54?
51
What is the remainder when 365894 is divided by 194?
10
Calculate the remainder when 9650 is divided by 283.
28
Calculate the remainder when 1050 is divided by 158.
102
What is the remainder when 4753 is divided by 12?
1
What is the remainder when 2085 is divided by 404?
65
Calculate the remainder when 9508 is divided by 82.
78
What is the remainder when 217975 is divided by 784?
23
What is the remainder when 6085 is divided by 115?
105
What is the remainder when 92819 is divided by 52?
51
What is the remainder when 5449 is divided by 1721?
286
Calculate the remainder when 50682 is divided by 611.
580
What is the remainder when 9164 is divided by 28?
8
Calculate the remainder when 1662 is divided by 1628.
34
Calculate the remainder when 67077 is divided by 39.
36
What is the remainder when 1998 is divided by 157?
114
What is the remainder when 14907 is divided by 71?
68
Calculate the remainder when 181844 is divided by 210.
194
Calculate the remainder when 110519 is divided by 831.
827
What is the remainder when 100419 is divided by 2714?
1
What is the remainder when 2384 is divided by 394?
20
What is the remainder when 8074 is divided by 119?
101
What is the remainder when 175558 is divided by 76?
74
What is the remainder when 3386 is divided by 1168?
1050
Calculate the remainder when 349276 is divided by 1217.
1214
What is the remainder when 19266 is divided by 4811?
22
Calculate the remainder when 973594 is divided by 510.
4
Calculate the remainder when 12441 is divided by 47.
33
What is the remainder when 153281 is divided by 22?
7
What is the remainder when 33149 is divided by 5468?
341
What is the remainder when 123999 is divided by 34?
1
What is the remainder when 1177174 is divided by 312?
310
What is the remainder when 19322 is divided by 1801?
1312
Calculate the remainder when 930 is divided by 268.
126
What is the remainder when 15281 is divided by 67?
5
Calculate the remainder when 9431 is divided by 65.
6
What is the remainder when 9940 is divided by 1622?
208
What is the remainder when 403400 is divided by 67232?
8
Calculate the remainder when 1367 is d